12?
3
Let g(c) = -c**3 + 3*c**2 + 9*c + 7. Let i be g(-3). Let w(f) = -40*f + 14. Let q be w(-9). Calculate the greatest common factor of q and i.
34
Let v be (-80)/(-14) + (-4)/(-14). Let a be ((-210)/(-28))/(10/12). What is the greatest common factor of a and v?
3
Let s be 104/(-13)*1/(-2). Let w be 0/((-28)/(-4)) + 4. Calculate the highest common factor of s and w.
4
Let j = 149 + -89. Suppose -3*s - 4*r + 3*r = -j, -4*s - r + 80 = 0. What is the greatest common divisor of 20 and s?
20
Let c = 0 - -4. Let o be (2/5)/((-3)/(-120)). Calculate the greatest common factor of o and c.
4
Let c be ((-2)/2 + -1)*(-46 + 15). Calculate the highest common factor of 93 and c.
31
Let h(d) = d**3 + 13*d**2 + d + 19. Let c be h(-13). What is the greatest common factor of c and 30?
6
Let q = 7 - 5. Let a be (-6)/21 - q/(-7). Suppose a = s + 2*s - 6. What is the greatest common factor of s and 8?
2
Let n = 12 - 11. Let z be (0 - -3)*n + -2. Let d be z/6 + (-987)/(-18). What is the greatest common factor of d and 11?
11
Let s be (-12)/(-9) - 295/(-15). What is the greatest common divisor of 91 and s?
7
Let v(a) = 2*a**3 - 2*a**2 - 4*a. Let l be v(3). Let j = -13 - -42. Let p = 89 - j. Calculate the highest common divisor of p and l.
12
Let z be (0 - 70) + -6 + 6. Let s = z - -38. Let o = -2 - s. Calculate the highest common factor of 15 and o.
15
Let h(f) = f**3 + 13*f**2 + 9*f - 74. Let l be h(-10). Calculate the greatest common divisor of 4 and l.
4
Let g = 114 - 103. Suppose g*c - 6*c - 935 = 0. What is the greatest common divisor of 11 and c?
11
Let t = 32 - 9. Let o be ((-20)/(-13))/(-10) + 1798/26. What is the greatest common factor of o and t?
23
Let h be 5*(1 + -8 + 42). What is the highest common divisor of h and 490?
35
Suppose -5*x + o + 80 = 0, x + 5*o = -0*o + 16. What is the highest common divisor of 56 and x?
8
Let j(c) = -c**3 + 12*c**2 - 9*c + 41. Let n be j(11). Calculate the highest common divisor of n and 45.
9
Let l = -793 + 857. What is the highest common divisor of 32 and l?
32
Let c(v) = v**2 - v + 34. Let g(j) = -j + 1. Let n(f) = c(f) - g(f). Let w be n(0). Calculate the highest common factor of w and 22.
11
Let i be (-250)/(-625) + (-76)/(-10). Calculate the highest common divisor of 108 and i.
4
Suppose -10 - 25 = 5*j. Let d = j - -17. What is the highest common factor of d and 40?
10
Let c be 44/33*198/1. What is the greatest common divisor of 24 and c?
24
Let i(f) = f**3 + 32*f**2 - 27*f - 146. Let h be i(-31). Calculate the highest common divisor of 28 and h.
28
Suppose -106 = -3*t - k - 17, 4*t + 5*k = 115. Let u = -17 + t. Suppose -3*r + 2*w - w + 44 = 0, -r - 7 = 4*w. Calculate the greatest common factor of u and r.
13
Suppose 4*p = 5*a - 294 + 897, 5*p + 3*a = 763. Calculate the greatest common factor of 40 and p.
8
Suppose 5*n - 549 = -514*g + 513*g, 0 = 3*g + 4*n - 1625. Calculate the highest common factor of g and 245.
49
Let g = 11 + -7. Let b = 22 - 14. Let d be 10*(2 - b/5). Calculate the highest common factor of g and d.
4
Let h = -13 - -20. Let u = 393 + -372. Calculate the greatest common factor of h and u.
7
Suppose -r - h - 4*h = 12, 3*h = -r - 12. Let q be (-1)/((-4)/r + (-4)/9). What is the greatest common divisor of q and 6?
3
Let h(c) = 3*c**2 - 17*c. Let u be h(6). Calculate the highest common divisor of u and 186.
6
Let k be 1*(10 - -103 - -7). Calculate the highest common divisor of 24 and k.
24
Suppose 7*t - 5*t - 71 = -3*u, -2*u + 50 = 2*t. Calculate the greatest common divisor of 36 and u.
3
Let k = -351 - -999. What is the highest common divisor of k and 72?
72
Let u be (-2 - (-112 - 0)) + 2. Let j = 192 - u. Suppose 165*a + 16 = 166*a. Calculate the highest common divisor of a and j.
16
Let y = -22 + 5. Let u = 22 + y. What is the highest common divisor of u and 2?
1
Suppose 85*v - 92*v = -56. Let g be 5/((-10)/(-8))*-29. Let y = 180 + g. Calculate the greatest common factor of y and v.
8
Suppose 6*b + 11 = 8*b - 5*n, 4*b = 3*n + 57. Calculate the greatest common divisor of b and 1062.
18
Suppose -21 - 6 = -3*a. Let z = a - 13. Let q be 188 + 3/(-7 - z). What is the highest common factor of q and 17?
17
Let g be ((-28)/21)/(2/(-3)). Suppose 9 = g*b - 27. Suppose -134 = -x - 8. Calculate the highest common divisor of x and b.
18
Let j(i) be the second derivative of -3*i**3/2 - 27*i**2/2 - 23*i. Let v be j(-12). Let p = -9 - -18. What is the greatest common factor of v and p?
9
Let a(l) = 10*l - 5. Let i be a(6). Let t be (-4)/(-4 - (-2 - 0)). Suppose t*y - 3*n = 2*n - 10, 0 = -y - n + 9. What is the highest common factor of i and y?
5
Suppose -r - 1 + 2 = 0. Suppose 0 = -2*p + 15 + r. What is the greatest common divisor of 56 and p?
8
Let f = 5 + -5. Let c(g) be the third derivative of -g**5/60 + 4*g**3/3 + 13*g**2. Let m be c(f). Calculate the highest common factor of m and 16.
8
Let r be (-18)/27*(1 - 703). What is the highest common factor of r and 72?
36
Suppose -b + 0 = -2*q - 4, 0 = -2*q - 2. Suppose 2*x + 253 - 871 = -b*u, -4*u - 2*x = -1230. What is the greatest common factor of u and 34?
34
Let i(h) = h**3 + 2*h**2 - 3*h - 1. Let d be i(-2). Suppose -d*b + j = -105 - 154, -2*j = 8. Calculate the highest common divisor of b and 34.
17
Let b(h) = -h**2 - 7*h + 3. Let s = 11 + -15. Let q be b(s). What is the greatest common factor of 10 and q?
5
Suppose -26*v + 1960 = -1550. What is the highest common divisor of 90 and v?
45
Let c be 2344/(-32) - (-9)/(-12). Let t = c - -132. What is the highest common factor of t and 29?
29
Suppose -n = -6 + 2. Suppose 0 = -0*k - 5*k. Suppose -25 = 5*i - 0*i, k = 3*o + n*i - 16. What is the greatest common factor of 18 and o?
6
Let i = 3 + 34. Suppose -7 = 6*d - i. Suppose -5*m - 2*s + 95 = 0, 23 = m - d*s - 23. What is the greatest common divisor of 3 and m?
3
Let o be (-52)/(-91) + 52/7. Calculate the greatest common factor of 8 and o.
8
Let j be 7/3 + 2/(-6). Suppose 0 = 4*q + j - 18. Suppose -q*s + 509 - 9 = 5*g, 3*s + 5*g = 370. Calculate the highest common divisor of 52 and s.
26
Suppose -3*r - 4*c + 307 = 0, c + 2 = -0. Calculate the greatest common factor of r and 2940.
105
Let p be 592/((-20)/((-80)/8)). Calculate the highest common factor of p and 407.
37
Let m be (-10)/4*36/(-30). Let t be 7/((-7)/(-12)) - m. Suppose h - 6 = t. Calculate the highest common factor of h and 10.
5
Let f be (252/45)/(2/10). Let r = 4 + -1. Suppose -5*l + 51 = -4*i, 2*l + 4*i = r - 5. What is the greatest common factor of f and l?
7
Suppose -176 = -40*f + 38*f. Calculate the greatest common divisor of f and 484.
44
Let i(y) = -92*y - 601. Let o be i(-10). Calculate the greatest common factor of o and 22.
11
Suppose -2*v - v + 36 = 0. Suppose -3 = 126*l - 759. What is the highest common divisor of v and l?
6
Let h = -23 - -48. Let r be 0 + 3 - 2*6/4. Suppose r = o - 0*o - 5. What is the greatest common divisor of o and h?
5
Let b(l) = -l**3 - 6*l**2 - l - 4. Let p be b(-6). Let z = p - 0. Suppose -234*d + 235*d - 14 = 0. What is the greatest common divisor of d and z?
2
Let v = -28 - -33. Suppose v*z = -7*f + 2*f + 3140, 3*f + 4*z = 1882. Suppose -f = 7*g - 14*g. What is the greatest common factor of g and 10?
10
Let z be (94/282)/(6/432). Let x be 2*(-18)/(-1)*1. What is the greatest common factor of z and x?
12
Suppose -3*t + 103 = -80. Calculate the highest common divisor of t and 549.
61
Let m be (-11*1)/((-4)/(-8)). Let t = 30 + m. What is the greatest common factor of t and 8?
8
Suppose -b + 184 + 96 = 0. Suppose 2*x - b = -2*x. Suppose x = -0*a + 5*a. Calculate the highest common divisor of a and 35.
7
Let h be ((-125)/(-2))/(-5)*2. Let b = h - -38. Let c be 149 - 2 - 2 - 2. What is the highest common factor of c and b?
13
Let q = 14 - 11. Suppose 0 = 4*c - 5*v - 22 - 87, 0 = -q*c - v + 77. What is the greatest common factor of 78 and c?
26
Let c be (-2 + 4/3)/((-10)/75). Let f be -2*(4 + -5 + -19). Calculate the highest common divisor of c and f.
5
Let o be 192*1*3/6. Calculate the greatest common factor of o and 64.
32
Suppose -5*g + 24 + 21 = 0. Let u(p) = -g*p - 3*p**3 + 7 + 7*p**2 + 1 + 4*p**3 + p. Let j be u(-8). Calculate the greatest common factor of 8 and j.
8
Suppose -5*o = -5*q + 105, -5*q + o = -q - 96. Let k = q - 5. Suppose -3*j = -288 - 132. Calcul